?
8c3d
In base 4, what is -3311311200 + -1?
-3311311201
In base 4, what is 10 + -302320100?
-302320030
In base 5, what is -1012300 - -2?
-1012243
In base 9, what is -8 - -7625?
7616
In base 13, what is -97 - 72?
-139
In base 16, what is 926c + -e?
925e
In base 14, what is 3 + -124c4a?
-124c47
In base 4, what is 10 - 2223230?
-2223220
In base 14, what is -15b5 - 576?
-1b4b
In base 16, what is -15 - -b488?
b473
In base 8, what is 104 - -310?
414
In base 7, what is 30321 + 4?
30325
In base 14, what is -1 + -2c634?
-2c635
In base 13, what is -4 + -2682c?
-26833
In base 6, what is -4335 + -115?
-4454
In base 9, what is -622 - -574?
-37
In base 8, what is 4 + -12351?
-12345
In base 14, what is -4 + 86ca0?
86c9a
In base 11, what is 0 - 7600?
-7600
In base 14, what is 2ad9a + 5?
2ada1
In base 8, what is -213764 + 0?
-213764
In base 6, what is -2 + -42021?
-42023
In base 14, what is 3 - -b8932?
b8935
In base 8, what is 2 - 773572?
-773570
In base 16, what is 35be4 + 25?
35c09
In base 15, what is d9a - e?
d8b
In base 13, what is 16 - 249ab?
-24995
In base 2, what is -11101000111011011 + -11?
-11101000111011110
In base 16, what is 22 + 284?
2a6
In base 13, what is 203113 + 5?
203118
In base 5, what is -3201 - 34210?
-42411
In base 16, what is 285 + -3?
282
In base 14, what is 0 + -440b?
-440b
In base 5, what is 1002403341 - -1?
1002403342
In base 13, what is 147cb8 + 3?
147cbb
In base 13, what is -474b3 + 0?
-474b3
In base 5, what is -1232423102 + -4?
-1232423111
In base 10, what is -409 + -910?
-1319
In base 2, what is 10001 + -1101010111?
-1101000110
In base 2, what is -10000111100000 + -10110?
-10000111110110
In base 8, what is 67320 - 3?
67315
In base 15, what is 0 - -21a0?
21a0
In base 4, what is -23003103 + 20?
-23003023
In base 3, what is -12 - -1121122?
1121110
In base 5, what is 1141 + 234230?
240421
In base 5, what is 2 + -22204201?
-22204144
In base 7, what is 34 - 21624?
-21560
In base 10, what is -17 - -2373?
2356
In base 3, what is -2120001200 - 21?
-2120001221
In base 10, what is 2260 + -43?
2217
In base 13, what is 49ac + 5?
49b4
In base 5, what is -3 + -21241?
-21244
In base 11, what is 3 - 30716?
-30713
In base 11, what is -3aa - -113?
-297
In base 5, what is -132231 - -10?
-132221
In base 2, what is 1101101 - -1011011100?
1101001001
In base 16, what is -2 + -3383?
-3385
In base 10, what is -1641781 + 2?
-1641779
In base 14, what is 5 - -1477b7?
1477bc
In base 3, what is -222 - -20112012?
20111020
In base 7, what is -14632 - -6?
-14623
In base 14, what is ab - 29c?
-1d1
In base 2, what is -111 - -10011010101?
10011001110
In base 2, what is -100010110 + -1110?
-100100100
In base 3, what is -1201120112100 + 10?
-1201120112020
In base 10, what is -1902 - -107?
-1795
In base 2, what is -111000101111001 + -1011?
-111000110000100
In base 2, what is 1001 - -1000011001000110?
1000011001001111
In base 11, what is -109 - -378a?
3681
In base 3, what is 22022 - 210020?
-110221
In base 7, what is 4 + -253342?
-253335
In base 13, what is 69233 + 1?
69234
In base 8, what is 113250 - 14?
113234
In base 5, what is -10 + -2434021?
-2434031
In base 5, what is -12001421 + 2?
-12001414
In base 10, what is -112748 + -63?
-112811
In base 3, what is 22 + -12021100?
-12021001
In base 11, what is -87 - -13400?
13324
In base 3, what is 211222210 - 12120?
211210020
In base 2, what is 1101001011111000 + -101?
1101001011110011
In base 13, what is 4 + 11ca37?
11ca3b
In base 16, what is -8ac4f - 6?
-8ac55
In base 15, what is -745a6 + 3?
-745a3
In base 11, what is -15aa + 2a?
-1580
In base 9, what is 3 - 5070?
-5066
In base 14, what is 8d9c - bb?
8cc1
In base 5, what is 2121 + -10003?
-2332
In base 8, what is -541 - 7?
-550
In base 2, what is 11010000111 + 10000?
11010010111
In base 2, what is -101 - -100111011010101011?
100111011010100110
In base 10, what is -510985 - -7?
-510978
In base 7, what is 2025 + 2135?
4163
In base 13, what is -4 + -30100?
-30104
In base 13, what is 130 - 255?
-125
In base 15, what is -3 - 6cd1?
-6cd4
In base 4, what is 3 - -30020233?
30020302
In base 10, what is 7 - -37072?
37079
In base 5, what is 1311 + 22?
1333
In base 13, what is -4b21 - -9?
-4b15
In base 8, what is 14023 + 341?
14364
In base 9, what is -45 - -264?
218
In base 4, what is -122 + -1232231?
-1233013
In base 7, what is 4 - 1244541?
-1244534
In base 5, what is -111 + -10233132?
-10233243
In base 6, what is 23 - 5500?
-5433
In base 8, what is -15 + 35132?
35115
In base 7, what is -125562 - -1?
-125561
In base 12, what is -871253 - -3?
-871250
In base 11, what is 12a44 + -6?
12a39
In base 5, what is 31304 + -121?
31133
In base 7, what is 101402 - 65?
101304
In base 10, what is 108065 - 3?
108062
In base 12, what is -483 - 71?
-534
In base 10, what is -2 - -35053?
35051
In base 4, what is -1222 + 1013233?
1012011
In base 6, what is 424451 - -143?
425034
In base 15, what is -3 + -578a4?
-578a7
In base 13, what is -3 + 854b?
8548
In base 10, what is 419 + -4?
415
In base 10, what is -4 - 6277?
-6281
In base 4, what is 1110 + 1213?
2323
In base 5, what is 1414133 - 341?
1413242
In base 10, what is -421184 - -5?
-421179
In base 12, what is 46b8 - -37?
4733
In base 13, what is 422 - 3a?
3b5
In base 5, what is 234 - 330?
-41
In base 7, what is -1433 + 200?
-1233
In base 6, what is -335352 - -3?
-335345
In base 8, what is -2 - 32131?
-32133
In base 4, what is 23 + 2111312?
2112001
In base 14, what is -22b + 204?
-27
In base 10, what is 15 + -5678?
-5663
In base 15, what is -10007 - 17?
-1001e
In base 14, what is -1b7 - -a8?
-10d
In base 8, what is 10563 - -33?
10616
In base 9, what is -4 + 274?
270
In base 15, what is -1a1 + -854?
-a05
In base 12, what is 3 - -43461b?
434622
In base 8, what is 2526 + 3127?
5655
In base 5, what is -4 - -21100310?
21100301
In base 4, what is 0 - 3131012?
-3131012
In base 8, what is 52 + 374?
446
In base 11, what is -54389 - -1?
-54388
In base 3, what is -102 + 22021000?
22020121
In base 12, what is -1 + -380?
-381
In base 14, what is 118b - 66?
1125
In base 11, what is -33 + -9132?
-9165
In base 5, what is -1 + -4104314?
-4104320
In base 7, what is 4 + -11530562?
-11530555
In base 2, what is 101101011110010 - 1111000?
101101001111010
In base 3, what is 11002221012 - -1?
11002221020
In base 12, what is -b - -2076?
2067
In base 14, what is 61 + -324a?
-31c9
In base 4, what is -10222030 - -300?
-10221130
In base 3, what is -2110110222 - 10?
-2110111002
In base 5, what is 4 - 344204?
-344200
In base 4, what is 232 + 1232?
2130
In base 5, what is -1 - -43333321?
43333320
In base 9, what is 5 - -557655?
557661
In base 10, what is 151056 - 5?
151051
In base 14, what is -209dd - 3?
-20a02
In base 16, what is 4 - -19bb?
19bf
In base 12, what is -4 + -267b1?
-267b5
In base 6, what is -50010 + -2?
-50012
In base 12, what is 20 + 535?
555
In base 16, what is -b - -b43?
b38
In base 8, what is -76 + -2313?
-2411
In base 11, what is 4 + -164?
-160
In base 3, what is 2200021 - 1120?
2121201
In base 16, what is 3 + a2c00?
a2c03
In base 8, what is -2 + 3305?
3303
In base 3, what is 11000002122 + 1?
11000002200
In base 4, what is -102012031 - -203?
-102011222
In base 9, what is -621 + 4?
-616
In base 6, what is -2035 - 523?
-3002
In base 7, what is -345560 + -24?
-345614
In base 14, what is bb + 4a2?
57d
In base 15, what is 13 + -13c?
-129
In base 15, what is -d8 - 653?
-73b
In base 4, what is -201 - 100210?
-101011
In base 10, what is -17 - 688?
-705
In base 13, what is -3 + -ab74?
-ab77
In base 14, what is 2 + -455d?
-455b
In base 6, what is -33 + -112455?
-112532
In base 5, what is 100 - -312034?
312134
In base 9, what is -5 + -1347?
-1353
In base 14, what is -7 - 31120?
-31127
In base 14, what is 2 - 2549?
-2547
In base 7, what is 13 + -10602?
-10556
In base 14, what is -1185 + -8a?
-1231
In base 4, what is 200 + -1202220?
-1202020
In base 5, what is 423 - 21442?
-21014
In base 4, what is -133110 - 3?
-133113
In base 15, what is 18545 + -18?
1852c
In base 4, what is -1002 + 221012?
220010
In base 4, what is -123230 - -20133?
-103031
In base 8, what is 3 + 62611?
62614
In base 8, what is -5 + -14464?
-14471
In base 7, what is 3 - 20544?
-20541
In base 2, what is -10001100 - 100011111110?
-100110001010
In base 16, what is 5 - 326?
-321
In base 14, what is -431 + 12?